{"id":98,"date":"2021-08-13T10:45:15","date_gmt":"2021-08-13T08:45:15","guid":{"rendered":"https:\/\/webbauarbeiter.de\/?page_id=98"},"modified":"2022-11-30T12:17:15","modified_gmt":"2022-11-30T11:17:15","slug":"impressum","status":"publish","type":"page","link":"https:\/\/webbauarbeiter.de\/index.php\/impressum\/","title":{"rendered":"Impressum"},"content":{"rendered":"[et_pb_section fb_built=&#8220;1&#8243; admin_label=&#8220;section&#8220; _builder_version=&#8220;4.15&#8243; global_colors_info=&#8220;{}&#8220;][et_pb_row admin_label=&#8220;row&#8220; _builder_version=&#8220;4.15&#8243; background_size=&#8220;initial&#8220; background_position=&#8220;top_left&#8220; background_repeat=&#8220;repeat&#8220; global_colors_info=&#8220;{}&#8220;][et_pb_column type=&#8220;4_4&#8243; _builder_version=&#8220;4.15&#8243; custom_padding=&#8220;|||&#8220; global_colors_info=&#8220;{}&#8220; custom_padding__hover=&#8220;|||&#8220;][et_pb_text admin_label=&#8220;Text&#8220; _builder_version=&#8220;4.15&#8243; background_size=&#8220;initial&#8220; background_position=&#8220;top_left&#8220; background_repeat=&#8220;repeat&#8220; global_colors_info=&#8220;{}&#8220;]<p><strong>Angaben gem\u00e4\u00df \u00a7 5 TMG<\/strong><\/p>\n<p><span style=\"font-size: small;\">Reko<span style=\"color: #333333;\">&amp;<\/span>G\u00e4bel GbR<\/span><\/p>\n<p>Schlo\u00dfstra\u00dfe 47 14059 Berlin<\/p>\n<p><strong>Kontakt<\/strong><\/p>\n<p>Telefon: 030 97986121<\/p>\n<p>E-Mail: info@webbauarbeiter.de<\/p>\n<p><!--EndFragment--><!--EndFragment--><\/p>\n<p><\/p>\n<p><\/p>[\/et_pb_text][\/et_pb_column][\/et_pb_row][\/et_pb_section]","protected":false},"excerpt":{"rendered":"<p>Angaben gem\u00e4\u00df \u00a7 5 TMG Reko&amp;G\u00e4bel GbR Schlo\u00dfstra\u00dfe 47 14059 Berlin Kontakt Telefon: 030 97986121 E-Mail: info@webbauarbeiter.de<\/p>\n","protected":false},"author":2,"featured_media":0,"parent":0,"menu_order":0,"comment_status":"closed","ping_status":"closed","template":"","meta":{"_et_pb_use_builder":"on","_et_pb_old_content":"<p><strong>Angaben gem\u00e4\u00df \u00a7 5 TMG<\/strong><\/p>\n<p>Webbauarbeiter GbR<\/p>\n<p>Schlo\u00dfstra\u00dfe 47 14059 Berlin<\/p>\n<p><strong>Kontakt<\/strong><\/p>\n<p>Telefon: 030 97986121<\/p>\n<p>E-Mail: info@webbauarbeiter.de<\/p>\n<p><!--EndFragment--><!--EndFragment--><\/p>\n\n<!-- wp:paragraph -->\n<p><\/p>\n<!-- \/wp:paragraph -->","_et_gb_content_width":"1080","footnotes":""},"class_list":["post-98","page","type-page","status-publish","hentry"],"_links":{"self":[{"href":"https:\/\/webbauarbeiter.de\/index.php\/wp-json\/wp\/v2\/pages\/98","targetHints":{"allow":["GET"]}}],"collection":[{"href":"https:\/\/webbauarbeiter.de\/index.php\/wp-json\/wp\/v2\/pages"}],"about":[{"href":"https:\/\/webbauarbeiter.de\/index.php\/wp-json\/wp\/v2\/types\/page"}],"author":[{"embeddable":true,"href":"https:\/\/webbauarbeiter.de\/index.php\/wp-json\/wp\/v2\/users\/2"}],"replies":[{"embeddable":true,"href":"https:\/\/webbauarbeiter.de\/index.php\/wp-json\/wp\/v2\/comments?post=98"}],"version-history":[{"count":13,"href":"https:\/\/webbauarbeiter.de\/index.php\/wp-json\/wp\/v2\/pages\/98\/revisions"}],"predecessor-version":[{"id":272073,"href":"https:\/\/webbauarbeiter.de\/index.php\/wp-json\/wp\/v2\/pages\/98\/revisions\/272073"}],"wp:attachment":[{"href":"https:\/\/webbauarbeiter.de\/index.php\/wp-json\/wp\/v2\/media?parent=98"}],"curies":[{"name":"wp","href":"https:\/\/api.w.org\/{rel}","templated":true}]}}